{"version":"1.0","provider_name":"APIE NEWS","provider_url":"https:\/\/appsaf.apieproject.com\/news\/fr\/","author_name":"staff","author_url":"https:\/\/appsaf.apieproject.com\/news\/fr\/author\/staff\/","title":"Photographie: Daniel Obasi, Lagos artillerie - APIE NEWS","type":"rich","width":600,"height":338,"html":"<blockquote class=\"wp-embedded-content\" data-secret=\"MpQa96WorP\"><a href=\"https:\/\/appsaf.apieproject.com\/news\/fr\/2022\/09\/19\/photographie-daniel-obasi-lagos-artillerie\/\">Photographie: Daniel Obasi, Lagos artillerie<\/a><\/blockquote><iframe sandbox=\"allow-scripts\" security=\"restricted\" src=\"https:\/\/appsaf.apieproject.com\/news\/fr\/2022\/09\/19\/photographie-daniel-obasi-lagos-artillerie\/embed\/#?secret=MpQa96WorP\" width=\"600\" height=\"338\" title=\"\u00ab\u00a0Photographie: Daniel Obasi, Lagos artillerie\u00a0\u00bb &#8212; APIE NEWS\" data-secret=\"MpQa96WorP\" frameborder=\"0\" marginwidth=\"0\" marginheight=\"0\" scrolling=\"no\" class=\"wp-embedded-content\"><\/iframe><script type=\"text\/javascript\">\n\/* <![CDATA[ *\/\n\/*! This file is auto-generated *\/\n!function(d,l){\"use strict\";l.querySelector&&d.addEventListener&&\"undefined\"!=typeof URL&&(d.wp=d.wp||{},d.wp.receiveEmbedMessage||(d.wp.receiveEmbedMessage=function(e){var t=e.data;if((t||t.secret||t.message||t.value)&&!\/[^a-zA-Z0-9]\/.test(t.secret)){for(var s,r,n,a=l.querySelectorAll('iframe[data-secret=\"'+t.secret+'\"]'),o=l.querySelectorAll('blockquote[data-secret=\"'+t.secret+'\"]'),c=new RegExp(\"^https?:$\",\"i\"),i=0;i<o.length;i++)o[i].style.display=\"none\";for(i=0;i<a.length;i++)s=a[i],e.source===s.contentWindow&&(s.removeAttribute(\"style\"),\"height\"===t.message?(1e3<(r=parseInt(t.value,10))?r=1e3:~~r<200&&(r=200),s.height=r):\"link\"===t.message&&(r=new URL(s.getAttribute(\"src\")),n=new URL(t.value),c.test(n.protocol))&&n.host===r.host&&l.activeElement===s&&(d.top.location.href=t.value))}},d.addEventListener(\"message\",d.wp.receiveEmbedMessage,!1),l.addEventListener(\"DOMContentLoaded\",function(){for(var e,t,s=l.querySelectorAll(\"iframe.wp-embedded-content\"),r=0;r<s.length;r++)(t=(e=s[r]).getAttribute(\"data-secret\"))||(t=Math.random().toString(36).substring(2,12),e.src+=\"#?secret=\"+t,e.setAttribute(\"data-secret\",t)),e.contentWindow.postMessage({message:\"ready\",secret:t},\"*\")},!1)))}(window,document);\n\/* ]]> *\/\n<\/script>\n","thumbnail_url":"https:\/\/appsaf.apieproject.com\/news\/wp-content\/uploads\/sites\/29\/2022\/09\/MZIFNRPMIFA2BE3JG7I6KV5NSI-5e5a2486e949e882cb70ee55917fdfdf.jpg","thumbnail_width":800,"thumbnail_height":1200,"description":"Le photographe nig\u00e9rian d\u00e9voile son premier livre, publi\u00e9 par Louis Vuitton dans la collection Fashion Eye, o\u00f9 surr\u00e9alisme et libert\u00e9 soufflent sur une mode \u00abnoire\u00bb qui, depuis quelques ann\u00e9es, s\u2019\u00e9mancipe et investit la fashion internationale."}

Le photographe nigérian dévoile son premier livre, publié par Louis Vuitton dans la collection Fashion Eye, où surréalisme et liberté soufflent sur une mode «noire» qui, depuis quelques années, s’émancipe et investit la fashion internationale.
